Calculate the highest common factor of 22 and p.
11
Let a = -144 - -162. Calculate the highest common factor of 45 and a.
9
Let m be (-16)/24*6/(-4). Suppose 3*p + w = -2*p, p = 3*w + 16. What is the highest common factor of p and m?
1
Suppose 3 = -0*x - x. Let m(v) = -v - 1. Let y(z) = 3. Let s(h) = 5*m(h) + y(h). Let p be s(x). What is the greatest common divisor of 13 and p?
13
Let k = 25 + -13. Let v(f) = -f**3 + 7*f**2 - 4*f + 6. Let m(a) = -a**3 + a**2 + 6. Let d be m(0). Let g be v(d). What is the greatest common factor of k and g?
6
Suppose 0 = -2*w - 4*c + 14, 3*c - 4 - 2 = 0. Suppose -w*j + 14 + 16 = 0. Calculate the highest common divisor of 40 and j.
10
Let s be (-4)/10 + 94/10. Calculate the highest common factor of s and 63.
9
Let b(a) = 10*a - 6. Let h be b(7). Calculate the highest common divisor of 8 and h.
8
Let p = -29 - -29. Suppose p = -2*q - 2*y, -3*y + y + 2 = 3*q. Let d = -49 - -71. What is the greatest common divisor of q and d?
2
Let d be 237/(-12)*-1 + (-3)/4. Let l = 49 + 27. What is the greatest common factor of d and l?
19
Let j be (-36)/(-27)*(2 + (-142)/(-4)). Calculate the greatest common divisor of 5 and j.
5
Let k = 55 - 35. Suppose -2*q = -4 - k. What is the highest common factor of q and 24?
12
Suppose 0*v = -3*v + 27. Calculate the highest common factor of v and 27.
9
Let z(x) = 10*x. Let n be z(6). Calculate the greatest common factor of n and 20.
20
Let z(u) = -17*u - 16. Let g be z(-4). What is the greatest common factor of g and 8?
4
Let m be ((-22)/(-6))/((-5)/30). Let b = -6 - m. Calculate the highest common divisor of 112 and b.
16
Let o be (1 + 1)*-1 - -2. Suppose o*g + 3*g = 18. What is the greatest common factor of g and 42?
6
Let z = 11 - 1. Calculate the highest common divisor of z and 110.
10
Let z = 111 - 108. Calculate the highest common divisor of 39 and z.
3
Suppose -3*n - 3*w + 33 = 0, 2*w - 29 = -3*n + 3*w. Calculate the greatest common divisor of 2 and n.
2
Let v(o) = -4*o + 2. Let y be v(-2). Suppose 5*r = -2*f + 35, 4*f + f = -3*r + 78. Let g = f - -95. Calculate the greatest common divisor of y and g.
10
Suppose -4*c = -82 + 14. Let l = c + -2. Calculate the highest common divisor of 60 and l.
15
Let w(b) = -b**2 - 13*b. Let y be w(-12). Let t = y + -5. What is the highest common divisor of t and 14?
7
Suppose -3*v + 29 = -3*b - 2*b, -2*v + 4*b + 18 = 0. What is the highest common divisor of v and 39?
13
Let j be -1 - -1 - (0 - 10). Suppose -3*h - 2*h = -10. What is the greatest common factor of h and j?
2
Let l = 102 - 47. Calculate the highest common factor of 5 and l.
5
Let i be (0 + 0)/(2/(-1)). Suppose 4*m = d + 506, -m + i*m + d + 125 = 0. Let h = 26 + m. What is the highest common divisor of 17 and h?
17
Let x = 10 + 12. Let a = 82 + 6. Calculate the greatest common divisor of x and a.
22
Let f(w) = 6*w**2 - w + 1. Let x be f(2). Let y = 331 + -170. What is the highest common factor of x and y?
23
Let a = 45 - -252. Calculate the greatest common divisor of a and 27.
27
Suppose 5*p = 3*p + 48. Let f(t) = t + 12. Suppose -2*o = -o. Let l be f(o). Calculate the highest common divisor of l and p.
12
Suppose 0 = -3*h + 33 + 30. Calculate the highest common factor of h and 231.
21
Let a(h) = -h**3 + 5*h**2 - 4*h + 4. Let i be a(4). Let q be (-60 + 0/i)*-1. What is the highest common factor of 20 and q?
20
Let d = 24 + -14. Calculate the greatest common factor of 30 and d.
10
Let u be (-26)/(-65) - (-37)/(-5). Let x(s) = -17*s - 1. Let g be x(-1). Let k be -12*4/(g/u). Calculate the highest common factor of k and 7.
7
Let f(k) = k - 5. Let u = 16 - 7. Let q be f(u). What is the greatest common factor of 8 and q?
4
Let j(g) be the third derivative of 7*g**5/60 + g**4/24 - g**3/2 + 4*g**2. Let z be j(3). What is the highest common divisor of z and 9?
9
Let o = -16 + 14. Let h = 38 + o. Calculate the greatest common factor of 144 and h.
36
Suppose 924 = 3*p - 0*p. Calculate the greatest common factor of 28 and p.
28
Let p be (-1)/(((-3)/30)/1). Let a be 2/((8/(-5))/4). Let l = p + a. What is the highest common factor of l and 45?
5
Let o be (-15 - -3)*(-1 - (-21)/(-4)). Calculate the highest common divisor of 30 and o.
15
Let z be 40*(-4 - 66/(-15)). What is the highest common factor of z and 176?
16
Let u = -2 - -6. Suppose -3*d = 4*b - 209, -d = u*b - b - 163. Calculate the greatest common factor of 7 and b.
7
Let w(v) = -v**3 + 6*v**2 + 8*v + 5. Let i be w(7). Suppose 0 = 4*y - 6 - 10. Calculate the greatest common divisor of i and y.
4
Suppose 0 = -4*o - 12, -4*k + 8*k - 573 = -o. What is the greatest common factor of k and 18?
18
Let b = 13 + -3. Let s be 2 - (4 - 2) - -59. Let a = s + 11. What is the highest common divisor of b and a?
10
Let q = 22 - 13. Suppose 4*u - 31 = q. Let j be (-1)/(1 + 71/(-70)). Calculate the highest common divisor of u and j.
10
Let r(j) = j - 3. Let n be r(3). Suppose n = -h + 6*h - 100. Calculate the highest common factor of h and 10.
10
Let d = -85 + -98. Let m = -95 - d. What is the greatest common factor of m and 22?
22
Let j = 2 - -2. Suppose -j*h = -4 - 16. Suppose -4*c = -h*c + 10. Calculate the greatest common factor of 70 and c.
10
Suppose 6*j - 2*j - 44 = -m, 3*m - 4*j = 164. What is the greatest common divisor of 13 and m?
13
Suppose -3*v - 40 = -4*v. Let s = -54 + 110. Let u = s - v. Calculate the highest common factor of u and 16.
16
Let p be 1/(10/6 - 2). Let w be (9/2)/(p/(-24)). What is the greatest common divisor of w and 18?
18
Let k be 7*(6/2 - 1). Suppose 2*h + 5*s = -2*h + 66, h + 2*s = 18. What is the highest common divisor of h and k?
14
Let h(v) = v + 8. Suppose -l = -6*l - 5*r - 30, l - 5*r = -6. Let q be h(l). Suppose -q*j + 3*j - 21 = 0. What is the greatest common divisor of j and 7?
7
Let d(n) = 43*n - 3. Let w be d(3). Let o be (-42)/8*88/(-33). What is the greatest common factor of w and o?
14
Let o be (27/12)/(1/4). What is the highest common divisor of o and 15?
3
Let a = -7 - -7. Suppose a = -3*y - y + 24. What is the greatest common divisor of 3 and y?
3
Suppose 4*h + 3*m + 52 = 0, 0*m - 3*m - 36 = 3*h. Let u = -7 - h. Let p = 260 - 161. Calculate the greatest common divisor of u and p.
9
Let c(m) = -m**3 - 3*m**2 + m + 1. Let d be c(-3). Let j be d*(-3 - -2) + 13. Calculate the greatest common factor of 120 and j.
15
Let z(x) = x**3 + 6*x**2 - 11*x - 8. Let k be z(-7). What is the greatest common factor of k and 70?
10
Suppose -5*j - 5 = 20. Let r = j + 33. Suppose -c = c - r. Calculate the highest common factor of c and 56.
14
Let u(c) = c**2 + 2*c - 1. Let n be u(-4). What is the greatest common divisor of n and 14?
7
Suppose 70 = 3*z - 20. Calculate the highest common factor of 75 and z.
15
Let d be (864/28)/(9/42). Calculate the greatest common divisor of 16 and d.
16
Let g(j) = 36*j + 6. Let p be g(4). Calculate the greatest common divisor of p and 30.
30
Suppose 2*n = 2*i - 1470, 0 = 3*i - 5*n - 36 - 2167. Suppose 3*v + 43 = i. What is the greatest common divisor of v and 21?
21
Let h(s) = 1 + 8*s + 2*s + s**2 - 5*s - 4*s - 8*s**3. Let v be h(-1). What is the greatest common divisor of v and 18?
9
Suppose 22*w - 54 = 19*w. Calculate the highest common divisor of 6 and w.
6
Let v(s) = s**3 + 6*s**2 + 6*s. Let h be v(-5). Let n = -2 - h. Suppose a + 0 = m + 7, a = n*m - 3. Calculate the greatest common divisor of a and 4.
4
Let d = -3 - -5. Suppose 0 = d*a + 3*s - 101, -2*a + 6*s = 3*s - 119. What is the greatest common divisor of 11 and a?
11
Suppose 4*i + 12 + 4 = 0, 4*h + 2*i = -64. Let k = 12 - h. Let n = k - 13. What is the highest common factor of 13 and n?
13
Suppose 6*y = 2*y, -4*s - 4*y = -32. Calculate the greatest common factor of 48 and s.
8
Suppose 0 = -6*n + 2*n + 20. Suppose -i + n*i = 4. Let w be (-22)/(-8) + 1/4. Calculate the highest common divisor of w and i.
1
Let a be 2*(-3)/(-24)*4. Suppose 2*p = 2*g - g + 7, 3*p - 5*g = 14. Calculate the greatest common factor of p and a.
1
Let h(l) = -l - 1. Let d(s) = s + 4. Let r(m) = -d(m) - 2*h(m). Let w be r(0). Let t be (-2)/(-3)*(-3)/w. What is the highest common divisor of t and 5?
1
Suppose -3*o + g + 41 - 8 = 0, -5*o - 2*g + 66 = 0. Calculate the highest common factor of o and 108.
12
Let o be 4/(-3 - (-33)/9). Let v be ((-10)/3)/((-4)/o). C